8. Let k(u) = 5*u**2 - u + 2. Let t be k(-3). Suppose t = 5*l - 3*x, 29 = 5*l + 2*x - 21. Calculate the highest common factor of z and l.
10
Let i be ((-196)/6)/((-10)/60). Calculate the greatest common divisor of i and 539.
49
Let k = -319 + 321. What is the greatest common factor of 106 and k?
2
Let a = 277 - 199. What is the highest common divisor of 117 and a?
39
Let f = 45 - 121. Let s = f + 88. What is the highest common factor of s and 30?
6
Let y(a) be the second derivative of -a**5/20 + 11*a**4/6 + a**3/3 - 6*a**2 - 31*a. Let n be y(22). What is the highest common divisor of n and 8?
8
Let x(u) = 2*u**3 + 28*u**2 + u + 8. Let i be x(-14). Let z be 32/(-84)*i - 4/14. What is the highest common divisor of z and 34?
2
Suppose 0 = -6*w - 279 + 315. Suppose -2*s - 1 + 31 = 0. Calculate the greatest common divisor of w and s.
3
Let w(z) be the first derivative of -21*z**4/4 - z**3 + z**2/2 + 2*z - 7. Let k be w(-1). What is the greatest common factor of 171 and k?
19
Suppose 30 = -3*c + 225. Let r = -2 + c. Calculate the highest common factor of 21 and r.
21
Let t(g) = -2*g**2 + 13*g + 14. Let b be t(11). Let a = b - -205. Calculate the highest common divisor of a and 80.
40
Suppose 2*n + 11 = 3*a, 0*n + 4*n - 33 = -5*a. Calculate the greatest common divisor of 40 and a.
5
Let f(s) = s**3 + 3*s**2 + 2*s + 10. Let c be f(-3). Suppose -n + c*i + 42 = i, 0 = 5*n + 3*i - 120. What is the greatest common factor of n and 3?
3
Suppose -5 = -5*u + q + 5, 3*q - 15 = 0. Let b = u - -36. What is the greatest common factor of 52 and b?
13
Let q(w) = 1. Let f(c) = -24*c + 2. Let x(k) = f(k) - 5*q(k). Let t be x(-1). What is the greatest common factor of 147 and t?
21
Let i(c) = -c**2 - 10*c - 2. Let k be (-4)/(-16) - (-99)/(-12). Let h be i(k). Calculate the greatest common divisor of h and 2.
2
Let x = 196 + -100. Let s be ((-10)/(-8))/(2/x). Calculate the highest common factor of 90 and s.
30
Let a = 395 - 240. What is the highest common divisor of 31 and a?
31
Suppose 0 = 5*l + o + 3*o - 6, 0 = 5*o + 5. Let u be 2*((-111)/6 + 0). Let m be 1 - l - 1*u. What is the highest common divisor of m and 4?
4
Suppose a + 490 = 3*l + 152, 2*a = -3*l + 332. Let s = 501 + -487. Calculate the greatest common factor of l and s.
14
Let a be 5*3/15 - 2236/(-4). What is the greatest common factor of a and 35?
35
Suppose -2*j = -2, 3*p - 3*j + 0 = 15. Calculate the highest common factor of p and 78.
6
Let s(f) = -4*f - 66. Let a be s(-19). What is the highest common factor of 1130 and a?
10
Let x(d) be the first derivative of 5*d**3/3 - 3*d**2/2 + 2*d + 20. Let a be x(2). Calculate the highest common factor of 64 and a.
16
Let p(d) = d**3 + d**2 - 2*d**2 + 4 - 3*d**2 - 9*d. Let y be p(6). Let v be (-15 + 12)*y/(-3). What is the highest common factor of v and 242?
22
Let m be (-15 + 7)*(298/(-4) + 1). What is the greatest common divisor of 14 and m?
14
Let t be 0 + 0 - (55 + 0/1). Let h = t - -64. Calculate the greatest common divisor of h and 63.
9
Let l be (1 - 1*-8) + 4. Let k(m) = m + 4. Let a be k(l). Let v be 3/5 + (-492)/(-30). Calculate the greatest common divisor of a and v.
17
Let s(j) = -j**2 + 3*j - 1. Let f be s(4). Let k = -5 - f. Suppose -2*c + 72 = -k*c. What is the greatest common divisor of 9 and c?
9
Let b(g) = 4*g + 2. Let o be b(3). Suppose 2*y = -t + o + 28, 2*y = 2. What is the greatest common factor of 10 and t?
10
Suppose -4*h - i = -207, -101 = -2*h - i - 0*i. Let q = h + -41. What is the highest common factor of q and 8?
4
Let z(f) = f**2 + 19*f - 130. Let v be z(-25). Calculate the greatest common divisor of 45 and v.
5
Suppose 0 = -22*m + 7*m + 5670. What is the greatest common divisor of m and 42?
42
Let l be (-1 - 16/14)/(29/(-203)). Calculate the greatest common divisor of l and 105.
15
Let f = -1 - -3. Let i(v) = v**2 + 8*v - 1. Let y be i(-10). Suppose w = 3*a + y, 6*w = 2*w - 5*a + 25. Calculate the greatest common divisor of w and f.
2
Suppose -3*g = 5*z - 122, 5*g = 7*g + 2*z - 80. Calculate the greatest common divisor of 741 and g.
39
Let h(x) be the third derivative of -x**6/120 + x**5/10 - x**4/24 - 2*x**3 - 8*x**2 - 3. Let v be h(4). Calculate the highest common factor of v and 72.
8
Let u = -8 - -36. Suppose 0 = w + 2*b - 2, -3*w - 3*b - b = -4. Suppose -y + 6 + 1 = w. What is the highest common factor of u and y?
7
Suppose -99 = -8*l + 4*l + 3*v, -3*l + 3*v + 72 = 0. Calculate the greatest common divisor of 3 and l.
3
Let h(p) = p - 2. Let l be h(17). Suppose t - l = 97. Calculate the highest common divisor of t and 28.
28
Let d(q) be the first derivative of 2*q**3/3 - 5*q**2/2 + 2. Let i be d(4). Let k be i/(6/(-8)*-2). What is the greatest common factor of 88 and k?
8
Let x(w) = 3*w**3 - 11*w**2 - w - 1. Let o be x(5). Calculate the highest common divisor of o and 4.
2
Let p = -54 + 94. Calculate the highest common divisor of 460 and p.
20
Let r(u) = -61*u + 301. Let w be r(-15). What is the greatest common factor of w and 128?
64
Let m = 243 + -39. Calculate the greatest common divisor of 68 and m.
68
Let j = 539 - 294. Calculate the highest common factor of 105 and j.
35
Let h(o) = -o**2 + 3*o + 4. Let v be h(4). Suppose -3*n + 2 = -4*t, 2*n + t - 5 = -v*n. Calculate the greatest common factor of n and 1.
1
Let s = 33 - 26. Suppose -2*r = -r - s. Calculate the greatest common factor of r and 49.
7
Let d(f) = -f + 3. Let x be d(-5). Let j = 92 + -83. Let a(o) = o**3 - 9*o**2 + o - 8. Let w be a(j). Calculate the highest common divisor of x and w.
1
Let g be 2 + (-212 - 4)/(-4). What is the greatest common divisor of 8 and g?
8
Suppose 0 = 3*g + g + 8. Let b = g - -4. Suppose 5*k = b*k + 270. What is the greatest common divisor of k and 10?
10
Suppose -2*d = -n - 3*n - 256, -3*n = -6. Let r be 284/24 - ((-13)/6)/13. What is the highest common factor of r and d?
12
Let s be 512/6*30/8. Suppose 5 = -3*o - 1, s = 2*u + 5*o. Calculate the greatest common factor of u and 15.
15
Let z be (-4 + (1 - -5))*162/4. What is the greatest common factor of z and 54?
27
Let h(p) = 4*p**2 - p - 7. Let m be h(-5). Suppose 4*i - 14 = m. Let f = -18 + i. Calculate the greatest common divisor of f and 25.
5
Let s be 1*36*24/32. Calculate the greatest common factor of 675 and s.
27
Let i = -482 - -539. Calculate the highest common factor of i and 57.
57
Let q = 10 + -6. Suppose 0 = 4*a - 4 - q. Suppose n - a*o = 3*o + 38, -2*n - 2*o + 40 = 0. Calculate the highest common factor of n and 115.
23
Suppose -3*i + 27 = q, -6*q + 135 = -q + i. Suppose -23*c - 116 = -q*c. Calculate the highest common factor of 232 and c.
29
Suppose -4*o + 162 = 3*w, -2*o + 3*w = -45 - 45. What is the highest common factor of o and 21?
21
Suppose q = p + 8, 0 = 4*p + 22 - 2. Suppose 0 = -3*j - 6, 25 = -3*m + 4*m + j. What is the highest common factor of m and q?
3
Suppose -5*l + 5*h + 4565 = 0, -7*l + h = -5*l - 1825. Calculate the greatest common factor of l and 48.
48
Let i = -10 + 14. Suppose -a - 22 = -4*p, 0*p + 26 = i*p - 3*a. Let y be ((-18)/15)/(1 + 212/(-200)). What is the highest common factor of p and y?
5
Suppose 0*n + 5*n = -20. Let h = n - -16. Suppose 4*d - 4 - h = 0. What is the highest common factor of d and 44?
4
Let u = 61 + -39. What is the greatest common divisor of u and 242?
22
Let p = 52 + -31. Let h be ((-366)/9)/(2/(-3)). Suppose 0 = i - 4*x - 29, x = -2*i - i + h. Calculate the highest common factor of p and i.
21
Let s be 3 - (-1 - -3 - 1). Suppose g - 27 = -s*g. Suppose -6 = -u - 0*u - p, u + 5*p - 6 = 0. Calculate the highest common factor of u and g.
3
Let q(i) = 3*i - 3. Let g be q(3). Suppose g*k - 410 = -26. Let v be 76/10 + (-2)/(-5). Calculate the greatest common factor of v and k.
8
Let f = 128 + -73. What is the highest common factor of 11 and f?
11
Let w = -5 - -7. Suppose 5*y = 5*n + 20, n - 11 = -4*y + w*y. Let s be (8 - -152)*n/2. What is the greatest common divisor of 10 and s?
10
Let v(k) = 4*k**2 + 6*k - 10. Let s be v(2). Suppose -s*p + 21*p = 21. Calculate the highest common factor of 7 and p.
7
Suppose 5*l - 4*j - 61 = 0, 4*l - 3*j = 21 + 27. Calculate the highest common factor of l and 2.
1
Suppose 3 = 2*q + c, 2*c + c = -3. Calculate the highest common factor of 2 and q.
2
Let v = -21 + 25. Suppose -206 - 2 = -3*h - v